{"id":11,"date":"2016-10-24T18:25:16","date_gmt":"2016-10-24T16:25:16","guid":{"rendered":"http:\/\/www.przetestowane.info\/?page_id=11"},"modified":"2022-07-30T15:43:19","modified_gmt":"2022-07-30T13:43:19","slug":"kontakt","status":"publish","type":"page","link":"https:\/\/www.przetestowane.info\/?page_id=11","title":{"rendered":"Kontakt"},"content":{"rendered":"<p>Stowarzyszenie &#8222;DUAE ROTAE&#8221;<br \/>\nul. Woj. Pol. 13<br \/>\n58-200 Dzier\u017coni\u00f3w<br \/>\nprzetestowane(at)hybryda.info<\/p>\n<p>Rejestr prasowy SO w \u015awidnicy: 475<\/p>\n<p>Redaktor Naczelny: Leszek Kwiecie\u0144<\/p>\n","protected":false},"excerpt":{"rendered":"<p>Stowarzyszenie &#8222;DUAE ROTAE&#8221; ul. Woj. Pol. 13 58-200 Dzier\u017coni\u00f3w przetestowane(at)hybryda.info Rejestr prasowy SO w \u015awidnicy: 475 Redaktor Naczelny: Leszek Kwiecie\u0144<\/p>\n","protected":false},"author":1,"featured_media":0,"parent":0,"menu_order":10,"comment_status":"closed","ping_status":"closed","template":"","meta":{"footnotes":""},"class_list":["post-11","page","type-page","status-publish","hentry"],"_links":{"self":[{"href":"https:\/\/www.przetestowane.info\/index.php?rest_route=\/wp\/v2\/pages\/11","targetHints":{"allow":["GET"]}}],"collection":[{"href":"https:\/\/www.przetestowane.info\/index.php?rest_route=\/wp\/v2\/pages"}],"about":[{"href":"https:\/\/www.przetestowane.info\/index.php?rest_route=\/wp\/v2\/types\/page"}],"author":[{"embeddable":true,"href":"https:\/\/www.przetestowane.info\/index.php?rest_route=\/wp\/v2\/users\/1"}],"replies":[{"embeddable":true,"href":"https:\/\/www.przetestowane.info\/index.php?rest_route=%2Fwp%2Fv2%2Fcomments&post=11"}],"version-history":[{"count":7,"href":"https:\/\/www.przetestowane.info\/index.php?rest_route=\/wp\/v2\/pages\/11\/revisions"}],"predecessor-version":[{"id":255,"href":"https:\/\/www.przetestowane.info\/index.php?rest_route=\/wp\/v2\/pages\/11\/revisions\/255"}],"wp:attachment":[{"href":"https:\/\/www.przetestowane.info\/index.php?rest_route=%2Fwp%2Fv2%2Fmedia&parent=11"}],"curies":[{"name":"wp","href":"https:\/\/api.w.org\/{rel}","templated":true}]}}